{"id":9,"date":"2023-08-01T16:56:38","date_gmt":"2023-08-01T14:56:38","guid":{"rendered":"https:\/\/cstournesol.fr\/?page_id=9"},"modified":"2025-06-25T17:58:32","modified_gmt":"2025-06-25T15:58:32","slug":"centre-social-et-culturel-du-burck","status":"publish","type":"page","link":"https:\/\/cstournesol.fr\/","title":{"rendered":""},"content":{"rendered":"\t\t<div data-elementor-type=\"wp-page\" data-elementor-id=\"9\" class=\"elementor elementor-9\">\n\t\t\t\t<div class=\"elementor-element elementor-element-440a6cc e-flex e-con-boxed e-con e-parent\" data-id=\"440a6cc\" data-element_type=\"container\">\n\t\t\t\t\t<div class=\"e-con-inner\">\n\t\t\t\t<div class=\"elementor-element elementor-element-97013b4 animated-slow elementor-invisible elementor-widget elementor-widget-heading\" data-id=\"97013b4\" data-element_type=\"widget\" data-settings=\"{&quot;_animation&quot;:&quot;fadeIn&quot;}\" data-widget_type=\"heading.default\">\n\t\t\t\t<div class=\"elementor-widget-container\">\n\t\t\t<h2 class=\"elementor-heading-title elementor-size-default\">L' ASSOCIATION TOURNESOL<\/h2>\t\t<\/div>\n\t\t\t\t<\/div>\n\t\t\t\t\t<\/div>\n\t\t\t\t<\/div>\n\t\t<div class=\"elementor-element elementor-element-f02521a e-flex e-con-boxed e-con e-parent\" data-id=\"f02521a\" data-element_type=\"container\">\n\t\t\t\t\t<div class=\"e-con-inner\">\n\t\t\t\t<div class=\"elementor-element elementor-element-52c0d19 elementor-widget elementor-widget-heading\" data-id=\"52c0d19\" data-element_type=\"widget\" data-widget_type=\"heading.default\">\n\t\t\t\t<div class=\"elementor-widget-container\">\n\t\t\t<h2 class=\"elementor-heading-title elementor-size-default\">Programme de l'\u00e9t\u00e9 2025<\/h2>\t\t<\/div>\n\t\t\t\t<\/div>\n\t\t<div class=\"elementor-element elementor-element-845df3b e-grid e-con-full e-con e-child\" data-id=\"845df3b\" data-element_type=\"container\">\n\t\t\t\t<div class=\"elementor-element elementor-element-45604b0 elementor-widget elementor-widget-image\" data-id=\"45604b0\" data-element_type=\"widget\" data-widget_type=\"image.default\">\n\t\t\t\t<div class=\"elementor-widget-container\">\n\t\t\t\t\t\t\t\t\t\t\t\t\t<img fetchpriority=\"high\" decoding=\"async\" width=\"669\" height=\"956\" src=\"https:\/\/cstournesol.fr\/wp-content\/uploads\/2025\/06\/1.png\" class=\"attachment-large size-large wp-image-1408\" alt=\"\" srcset=\"https:\/\/cstournesol.fr\/wp-content\/uploads\/2025\/06\/1.png 669w, https:\/\/cstournesol.fr\/wp-content\/uploads\/2025\/06\/1-210x300.png 210w, https:\/\/cstournesol.fr\/wp-content\/uploads\/2025\/06\/1-17x24.png 17w, https:\/\/cstournesol.fr\/wp-content\/uploads\/2025\/06\/1-25x36.png 25w, https:\/\/cstournesol.fr\/wp-content\/uploads\/2025\/06\/1-34x48.png 34w\" sizes=\"(max-width: 669px) 100vw, 669px\" \/>\t\t\t\t\t\t\t\t\t\t\t\t\t<\/div>\n\t\t\t\t<\/div>\n\t\t\t\t<div class=\"elementor-element elementor-element-632388d elementor-widget elementor-widget-image\" data-id=\"632388d\" data-element_type=\"widget\" data-widget_type=\"image.default\">\n\t\t\t\t<div class=\"elementor-widget-container\">\n\t\t\t\t\t\t\t\t\t\t\t\t\t<img decoding=\"async\" width=\"671\" height=\"955\" src=\"https:\/\/cstournesol.fr\/wp-content\/uploads\/2025\/06\/2.png\" class=\"attachment-large size-large wp-image-1409\" alt=\"\" srcset=\"https:\/\/cstournesol.fr\/wp-content\/uploads\/2025\/06\/2.png 671w, https:\/\/cstournesol.fr\/wp-content\/uploads\/2025\/06\/2-211x300.png 211w, https:\/\/cstournesol.fr\/wp-content\/uploads\/2025\/06\/2-17x24.png 17w, https:\/\/cstournesol.fr\/wp-content\/uploads\/2025\/06\/2-25x36.png 25w, https:\/\/cstournesol.fr\/wp-content\/uploads\/2025\/06\/2-34x48.png 34w\" sizes=\"(max-width: 671px) 100vw, 671px\" \/>\t\t\t\t\t\t\t\t\t\t\t\t\t<\/div>\n\t\t\t\t<\/div>\n\t\t\t\t<div class=\"elementor-element elementor-element-9c4f260 elementor-widget elementor-widget-image\" data-id=\"9c4f260\" data-element_type=\"widget\" data-widget_type=\"image.default\">\n\t\t\t\t<div class=\"elementor-widget-container\">\n\t\t\t\t\t\t\t\t\t\t\t\t\t<img decoding=\"async\" width=\"670\" height=\"956\" src=\"https:\/\/cstournesol.fr\/wp-content\/uploads\/2025\/06\/3.png\" class=\"attachment-large size-large wp-image-1410\" alt=\"\" srcset=\"https:\/\/cstournesol.fr\/wp-content\/uploads\/2025\/06\/3.png 670w, https:\/\/cstournesol.fr\/wp-content\/uploads\/2025\/06\/3-210x300.png 210w, https:\/\/cstournesol.fr\/wp-content\/uploads\/2025\/06\/3-17x24.png 17w, https:\/\/cstournesol.fr\/wp-content\/uploads\/2025\/06\/3-25x36.png 25w, https:\/\/cstournesol.fr\/wp-content\/uploads\/2025\/06\/3-34x48.png 34w\" sizes=\"(max-width: 670px) 100vw, 670px\" \/>\t\t\t\t\t\t\t\t\t\t\t\t\t<\/div>\n\t\t\t\t<\/div>\n\t\t\t\t<div class=\"elementor-element elementor-element-3019217 elementor-widget elementor-widget-image\" data-id=\"3019217\" data-element_type=\"widget\" data-widget_type=\"image.default\">\n\t\t\t\t<div class=\"elementor-widget-container\">\n\t\t\t\t\t\t\t\t\t\t\t\t\t<img loading=\"lazy\" decoding=\"async\" width=\"673\" height=\"953\" src=\"https:\/\/cstournesol.fr\/wp-content\/uploads\/2025\/06\/4.png\" class=\"attachment-large size-large wp-image-1411\" alt=\"\" srcset=\"https:\/\/cstournesol.fr\/wp-content\/uploads\/2025\/06\/4.png 673w, https:\/\/cstournesol.fr\/wp-content\/uploads\/2025\/06\/4-212x300.png 212w, https:\/\/cstournesol.fr\/wp-content\/uploads\/2025\/06\/4-17x24.png 17w, https:\/\/cstournesol.fr\/wp-content\/uploads\/2025\/06\/4-25x36.png 25w, https:\/\/cstournesol.fr\/wp-content\/uploads\/2025\/06\/4-34x48.png 34w\" sizes=\"(max-width: 673px) 100vw, 673px\" \/>\t\t\t\t\t\t\t\t\t\t\t\t\t<\/div>\n\t\t\t\t<\/div>\n\t\t\t\t<div class=\"elementor-element elementor-element-ace4383 elementor-widget elementor-widget-image\" data-id=\"ace4383\" data-element_type=\"widget\" data-widget_type=\"image.default\">\n\t\t\t\t<div class=\"elementor-widget-container\">\n\t\t\t\t\t\t\t\t\t\t\t\t\t<img loading=\"lazy\" decoding=\"async\" width=\"671\" height=\"955\" src=\"https:\/\/cstournesol.fr\/wp-content\/uploads\/2025\/06\/5.png\" class=\"attachment-large size-large wp-image-1412\" alt=\"\" srcset=\"https:\/\/cstournesol.fr\/wp-content\/uploads\/2025\/06\/5.png 671w, https:\/\/cstournesol.fr\/wp-content\/uploads\/2025\/06\/5-211x300.png 211w, https:\/\/cstournesol.fr\/wp-content\/uploads\/2025\/06\/5-17x24.png 17w, https:\/\/cstournesol.fr\/wp-content\/uploads\/2025\/06\/5-25x36.png 25w, https:\/\/cstournesol.fr\/wp-content\/uploads\/2025\/06\/5-34x48.png 34w\" sizes=\"(max-width: 671px) 100vw, 671px\" \/>\t\t\t\t\t\t\t\t\t\t\t\t\t<\/div>\n\t\t\t\t<\/div>\n\t\t\t\t<div class=\"elementor-element elementor-element-4ef9f0c elementor-widget elementor-widget-image\" data-id=\"4ef9f0c\" data-element_type=\"widget\" data-widget_type=\"image.default\">\n\t\t\t\t<div class=\"elementor-widget-container\">\n\t\t\t\t\t\t\t\t\t\t\t\t\t<img loading=\"lazy\" decoding=\"async\" width=\"664\" height=\"957\" src=\"https:\/\/cstournesol.fr\/wp-content\/uploads\/2025\/06\/6.png\" class=\"attachment-large size-large wp-image-1413\" alt=\"\" srcset=\"https:\/\/cstournesol.fr\/wp-content\/uploads\/2025\/06\/6.png 664w, https:\/\/cstournesol.fr\/wp-content\/uploads\/2025\/06\/6-208x300.png 208w, https:\/\/cstournesol.fr\/wp-content\/uploads\/2025\/06\/6-17x24.png 17w, https:\/\/cstournesol.fr\/wp-content\/uploads\/2025\/06\/6-25x36.png 25w, https:\/\/cstournesol.fr\/wp-content\/uploads\/2025\/06\/6-33x48.png 33w\" sizes=\"(max-width: 664px) 100vw, 664px\" \/>\t\t\t\t\t\t\t\t\t\t\t\t\t<\/div>\n\t\t\t\t<\/div>\n\t\t\t\t<\/div>\n\t\t\t\t\t<\/div>\n\t\t\t\t<\/div>\n\t\t<div class=\"elementor-element elementor-element-5b13696 e-flex e-con-boxed e-con e-parent\" data-id=\"5b13696\" data-element_type=\"container\">\n\t\t\t\t\t<div class=\"e-con-inner\">\n\t\t\t\t<div class=\"elementor-element elementor-element-b251234 elementor-widget elementor-widget-heading\" data-id=\"b251234\" data-element_type=\"widget\" data-widget_type=\"heading.default\">\n\t\t\t\t<div class=\"elementor-widget-container\">\n\t\t\t<h2 class=\"elementor-heading-title elementor-size-default\">S\u00e9jour Enfance \u00e9t\u00e9 2025<\/h2>\t\t<\/div>\n\t\t\t\t<\/div>\n\t\t\t\t<div class=\"elementor-element elementor-element-66ebf88 elementor-widget elementor-widget-image\" data-id=\"66ebf88\" data-element_type=\"widget\" data-widget_type=\"image.default\">\n\t\t\t\t<div class=\"elementor-widget-container\">\n\t\t\t\t\t\t\t\t\t\t\t\t\t<img loading=\"lazy\" decoding=\"async\" width=\"724\" height=\"1024\" src=\"https:\/\/cstournesol.fr\/wp-content\/uploads\/2025\/06\/affiche-sejour-enfants-724x1024.png\" class=\"attachment-large size-large wp-image-1415\" alt=\"\" srcset=\"https:\/\/cstournesol.fr\/wp-content\/uploads\/2025\/06\/affiche-sejour-enfants-724x1024.png 724w, https:\/\/cstournesol.fr\/wp-content\/uploads\/2025\/06\/affiche-sejour-enfants-212x300.png 212w, https:\/\/cstournesol.fr\/wp-content\/uploads\/2025\/06\/affiche-sejour-enfants-768x1086.png 768w, https:\/\/cstournesol.fr\/wp-content\/uploads\/2025\/06\/affiche-sejour-enfants-1086x1536.png 1086w, https:\/\/cstournesol.fr\/wp-content\/uploads\/2025\/06\/affiche-sejour-enfants-17x24.png 17w, https:\/\/cstournesol.fr\/wp-content\/uploads\/2025\/06\/affiche-sejour-enfants-25x36.png 25w, https:\/\/cstournesol.fr\/wp-content\/uploads\/2025\/06\/affiche-sejour-enfants-34x48.png 34w, https:\/\/cstournesol.fr\/wp-content\/uploads\/2025\/06\/affiche-sejour-enfants.png 1414w\" sizes=\"(max-width: 724px) 100vw, 724px\" \/>\t\t\t\t\t\t\t\t\t\t\t\t\t<\/div>\n\t\t\t\t<\/div>\n\t\t\t\t<div class=\"elementor-element elementor-element-57efdb0 elementor-widget elementor-widget-text-editor\" data-id=\"57efdb0\" data-element_type=\"widget\" data-widget_type=\"text-editor.default\">\n\t\t\t\t<div class=\"elementor-widget-container\">\n\t\t\t\t\t\t\t<p><a href=\"https:\/\/www.instagram.com\/csburck_jeunesse\/\"><img loading=\"lazy\" decoding=\"async\" class=\"alignnone wp-image-1113\" src=\"https:\/\/cstournesol.fr\/wp-content\/uploads\/2023\/09\/pngtree-instagram-icon-png-image_6315974-300x300.png\" alt=\"\" width=\"26\" height=\"26\" srcset=\"https:\/\/cstournesol.fr\/wp-content\/uploads\/2023\/09\/pngtree-instagram-icon-png-image_6315974-300x300.png 300w, https:\/\/cstournesol.fr\/wp-content\/uploads\/2023\/09\/pngtree-instagram-icon-png-image_6315974-150x150.png 150w, https:\/\/cstournesol.fr\/wp-content\/uploads\/2023\/09\/pngtree-instagram-icon-png-image_6315974-24x24.png 24w, https:\/\/cstournesol.fr\/wp-content\/uploads\/2023\/09\/pngtree-instagram-icon-png-image_6315974-36x36.png 36w, https:\/\/cstournesol.fr\/wp-content\/uploads\/2023\/09\/pngtree-instagram-icon-png-image_6315974-48x48.png 48w, https:\/\/cstournesol.fr\/wp-content\/uploads\/2023\/09\/pngtree-instagram-icon-png-image_6315974.png 360w\" sizes=\"(max-width: 26px) 100vw, 26px\" \/><\/a> <br \/>instagram des jeunes : csburck_jeunesse<\/p>\t\t\t\t\t\t<\/div>\n\t\t\t\t<\/div>\n\t\t\t\t\t<\/div>\n\t\t\t\t<\/div>\n\t\t\t\t<\/div>\n\t\t","protected":false},"excerpt":{"rendered":"<p>L&rsquo; ASSOCIATION TOURNESOL Programme de l&rsquo;\u00e9t\u00e9 2025 S\u00e9jour Enfance \u00e9t\u00e9 2025 instagram des jeunes : csburck_jeunesse<\/p>\n","protected":false},"author":1,"featured_media":0,"parent":0,"menu_order":0,"comment_status":"closed","ping_status":"closed","template":"","meta":{"neve_meta_sidebar":"","neve_meta_container":"","neve_meta_enable_content_width":"","neve_meta_content_width":0,"neve_meta_title_alignment":"","neve_meta_author_avatar":"","neve_post_elements_order":"","neve_meta_disable_header":"","neve_meta_disable_footer":"","neve_meta_disable_title":"","footnotes":""},"class_list":["post-9","page","type-page","status-publish","hentry"],"yoast_head":"<!-- This site is optimized with the Yoast SEO plugin v23.4 - https:\/\/yoast.com\/wordpress\/plugins\/seo\/ -->\n<title>association Tournesol Centre social et culturel<\/title>\n<meta name=\"description\" content=\"Sur notre site web vous allez avoir toutes les informations sur la saison 2023-2024 de l&#039;association Tournesol\" \/>\n<meta name=\"robots\" content=\"index, follow, max-snippet:-1, max-image-preview:large, max-video-preview:-1\" \/>\n<link rel=\"canonical\" href=\"https:\/\/cstournesol.fr\/\" \/>\n<meta property=\"og:locale\" content=\"fr_FR\" \/>\n<meta property=\"og:type\" content=\"article\" \/>\n<meta property=\"og:title\" content=\"association Tournesol Centre social et culturel\" \/>\n<meta property=\"og:description\" content=\"Sur notre site web vous allez avoir toutes les informations sur la saison 2023-2024 de l&#039;association Tournesol\" \/>\n<meta property=\"og:url\" content=\"https:\/\/cstournesol.fr\/\" \/>\n<meta property=\"og:site_name\" content=\"Association Tournesol\" \/>\n<meta property=\"article:publisher\" content=\"https:\/\/www.facebook.com\/csduburck\" \/>\n<meta property=\"article:modified_time\" content=\"2025-06-25T15:58:32+00:00\" \/>\n<meta property=\"og:image\" content=\"https:\/\/cstournesol.fr\/wp-content\/uploads\/2025\/06\/1.png\" \/>\n<meta name=\"twitter:card\" content=\"summary_large_image\" \/>\n<meta name=\"twitter:label1\" content=\"Dur\u00e9e de lecture estim\u00e9e\" \/>\n\t<meta name=\"twitter:data1\" content=\"2 minutes\" \/>\n<script type=\"application\/ld+json\" class=\"yoast-schema-graph\">{\"@context\":\"https:\/\/schema.org\",\"@graph\":[{\"@type\":\"WebPage\",\"@id\":\"https:\/\/cstournesol.fr\/\",\"url\":\"https:\/\/cstournesol.fr\/\",\"name\":\"association Tournesol Centre social et culturel\",\"isPartOf\":{\"@id\":\"https:\/\/cstournesol.fr\/#website\"},\"primaryImageOfPage\":{\"@id\":\"https:\/\/cstournesol.fr\/#primaryimage\"},\"image\":{\"@id\":\"https:\/\/cstournesol.fr\/#primaryimage\"},\"thumbnailUrl\":\"https:\/\/cstournesol.fr\/wp-content\/uploads\/2025\/06\/1.png\",\"datePublished\":\"2023-08-01T14:56:38+00:00\",\"dateModified\":\"2025-06-25T15:58:32+00:00\",\"description\":\"Sur notre site web vous allez avoir toutes les informations sur la saison 2023-2024 de l'association Tournesol\",\"inLanguage\":\"fr-FR\",\"potentialAction\":[{\"@type\":\"ReadAction\",\"target\":[\"https:\/\/cstournesol.fr\/\"]}]},{\"@type\":\"ImageObject\",\"inLanguage\":\"fr-FR\",\"@id\":\"https:\/\/cstournesol.fr\/#primaryimage\",\"url\":\"https:\/\/cstournesol.fr\/wp-content\/uploads\/2025\/06\/1.png\",\"contentUrl\":\"https:\/\/cstournesol.fr\/wp-content\/uploads\/2025\/06\/1.png\",\"width\":669,\"height\":956},{\"@type\":\"WebSite\",\"@id\":\"https:\/\/cstournesol.fr\/#website\",\"url\":\"https:\/\/cstournesol.fr\/\",\"name\":\"Association Tournesol\",\"description\":\"\",\"publisher\":{\"@id\":\"https:\/\/cstournesol.fr\/#organization\"},\"potentialAction\":[{\"@type\":\"SearchAction\",\"target\":{\"@type\":\"EntryPoint\",\"urlTemplate\":\"https:\/\/cstournesol.fr\/?s={search_term_string}\"},\"query-input\":{\"@type\":\"PropertyValueSpecification\",\"valueRequired\":true,\"valueName\":\"search_term_string\"}}],\"inLanguage\":\"fr-FR\"},{\"@type\":\"Organization\",\"@id\":\"https:\/\/cstournesol.fr\/#organization\",\"name\":\"Association Tournesol\",\"url\":\"https:\/\/cstournesol.fr\/\",\"logo\":{\"@type\":\"ImageObject\",\"inLanguage\":\"fr-FR\",\"@id\":\"https:\/\/cstournesol.fr\/#\/schema\/logo\/image\/\",\"url\":\"https:\/\/cstournesol.fr\/wp-content\/uploads\/2023\/08\/LOGO-AssocTournesol2017RVB-Couleur-03.jpg\",\"contentUrl\":\"https:\/\/cstournesol.fr\/wp-content\/uploads\/2023\/08\/LOGO-AssocTournesol2017RVB-Couleur-03.jpg\",\"width\":426,\"height\":341,\"caption\":\"Association Tournesol\"},\"image\":{\"@id\":\"https:\/\/cstournesol.fr\/#\/schema\/logo\/image\/\"},\"sameAs\":[\"https:\/\/www.facebook.com\/csduburck\"]}]}<\/script>\n<!-- \/ Yoast SEO plugin. -->","yoast_head_json":{"title":"association Tournesol Centre social et culturel","description":"Sur notre site web vous allez avoir toutes les informations sur la saison 2023-2024 de l'association Tournesol","robots":{"index":"index","follow":"follow","max-snippet":"max-snippet:-1","max-image-preview":"max-image-preview:large","max-video-preview":"max-video-preview:-1"},"canonical":"https:\/\/cstournesol.fr\/","og_locale":"fr_FR","og_type":"article","og_title":"association Tournesol Centre social et culturel","og_description":"Sur notre site web vous allez avoir toutes les informations sur la saison 2023-2024 de l'association Tournesol","og_url":"https:\/\/cstournesol.fr\/","og_site_name":"Association Tournesol","article_publisher":"https:\/\/www.facebook.com\/csduburck","article_modified_time":"2025-06-25T15:58:32+00:00","og_image":[{"url":"https:\/\/cstournesol.fr\/wp-content\/uploads\/2025\/06\/1.png"}],"twitter_card":"summary_large_image","twitter_misc":{"Dur\u00e9e de lecture estim\u00e9e":"2 minutes"},"schema":{"@context":"https:\/\/schema.org","@graph":[{"@type":"WebPage","@id":"https:\/\/cstournesol.fr\/","url":"https:\/\/cstournesol.fr\/","name":"association Tournesol Centre social et culturel","isPartOf":{"@id":"https:\/\/cstournesol.fr\/#website"},"primaryImageOfPage":{"@id":"https:\/\/cstournesol.fr\/#primaryimage"},"image":{"@id":"https:\/\/cstournesol.fr\/#primaryimage"},"thumbnailUrl":"https:\/\/cstournesol.fr\/wp-content\/uploads\/2025\/06\/1.png","datePublished":"2023-08-01T14:56:38+00:00","dateModified":"2025-06-25T15:58:32+00:00","description":"Sur notre site web vous allez avoir toutes les informations sur la saison 2023-2024 de l'association Tournesol","inLanguage":"fr-FR","potentialAction":[{"@type":"ReadAction","target":["https:\/\/cstournesol.fr\/"]}]},{"@type":"ImageObject","inLanguage":"fr-FR","@id":"https:\/\/cstournesol.fr\/#primaryimage","url":"https:\/\/cstournesol.fr\/wp-content\/uploads\/2025\/06\/1.png","contentUrl":"https:\/\/cstournesol.fr\/wp-content\/uploads\/2025\/06\/1.png","width":669,"height":956},{"@type":"WebSite","@id":"https:\/\/cstournesol.fr\/#website","url":"https:\/\/cstournesol.fr\/","name":"Association Tournesol","description":"","publisher":{"@id":"https:\/\/cstournesol.fr\/#organization"},"potentialAction":[{"@type":"SearchAction","target":{"@type":"EntryPoint","urlTemplate":"https:\/\/cstournesol.fr\/?s={search_term_string}"},"query-input":{"@type":"PropertyValueSpecification","valueRequired":true,"valueName":"search_term_string"}}],"inLanguage":"fr-FR"},{"@type":"Organization","@id":"https:\/\/cstournesol.fr\/#organization","name":"Association Tournesol","url":"https:\/\/cstournesol.fr\/","logo":{"@type":"ImageObject","inLanguage":"fr-FR","@id":"https:\/\/cstournesol.fr\/#\/schema\/logo\/image\/","url":"https:\/\/cstournesol.fr\/wp-content\/uploads\/2023\/08\/LOGO-AssocTournesol2017RVB-Couleur-03.jpg","contentUrl":"https:\/\/cstournesol.fr\/wp-content\/uploads\/2023\/08\/LOGO-AssocTournesol2017RVB-Couleur-03.jpg","width":426,"height":341,"caption":"Association Tournesol"},"image":{"@id":"https:\/\/cstournesol.fr\/#\/schema\/logo\/image\/"},"sameAs":["https:\/\/www.facebook.com\/csduburck"]}]}},"_links":{"self":[{"href":"https:\/\/cstournesol.fr\/index.php\/wp-json\/wp\/v2\/pages\/9","targetHints":{"allow":["GET"]}}],"collection":[{"href":"https:\/\/cstournesol.fr\/index.php\/wp-json\/wp\/v2\/pages"}],"about":[{"href":"https:\/\/cstournesol.fr\/index.php\/wp-json\/wp\/v2\/types\/page"}],"author":[{"embeddable":true,"href":"https:\/\/cstournesol.fr\/index.php\/wp-json\/wp\/v2\/users\/1"}],"replies":[{"embeddable":true,"href":"https:\/\/cstournesol.fr\/index.php\/wp-json\/wp\/v2\/comments?post=9"}],"version-history":[{"count":432,"href":"https:\/\/cstournesol.fr\/index.php\/wp-json\/wp\/v2\/pages\/9\/revisions"}],"predecessor-version":[{"id":1421,"href":"https:\/\/cstournesol.fr\/index.php\/wp-json\/wp\/v2\/pages\/9\/revisions\/1421"}],"wp:attachment":[{"href":"https:\/\/cstournesol.fr\/index.php\/wp-json\/wp\/v2\/media?parent=9"}],"curies":[{"name":"wp","href":"https:\/\/api.w.org\/{rel}","templated":true}]}}